ded by 300.
262
Calculate the remainder when 5013 is divided by 325.
138
Calculate the remainder when 806 is divided by 349.
108
Calculate the remainder when 8090 is divided by 8.
2
What is the remainder when 899 is divided by 82?
79
What is the remainder when 17640 is divided by 311?
224
What is the remainder when 5359 is divided by 26?
3
Calculate the remainder when 6459 is divided by 30.
9
Calculate the remainder when 13727 is divided by 16.
15
Calculate the remainder when 662 is divided by 660.
2
What is the remainder when 109010 is divided by 276?
266
Calculate the remainder when 90196 is divided by 30065.
1
What is the remainder when 63988 is divided by 81?
79
Calculate the remainder when 4387 is divided by 487.
4
Calculate the remainder when 3688 is divided by 3639.
49
Calculate the remainder when 101885 is divided by 1922.
19
What is the remainder when 15146 is divided by 5044?
14
Calculate the remainder when 18181 is divided by 39.
7
Calculate the remainder when 16566 is divided by 296.
286
Calculate the remainder when 1823 is divided by 356.
43
What is the remainder when 9825 is divided by 4910?
5
What is the remainder when 17201 is divided by 2147?
25
What is the remainder when 363535 is divided by 3?
1
Calculate the remainder when 82286 is divided by 41.
40
Calculate the remainder when 546 is divided by 42.
0
Calculate the remainder when 509626 is divided by 56625.
1
What is the remainder when 4113 is divided by 28?
25
What is the remainder when 4137 is divided by 855?
717
What is the remainder when 3506 is divided by 64?
50
What is the remainder when 9832 is divided by 4885?
62
What is the remainder when 10684 is divided by 5336?
12
What is the remainder when 2534 is divided by 65?
64
What is the remainder when 9775 is divided by 29?
2
Calculate the remainder when 296693 is divided by 245.
243
What is the remainder when 2386119 is divided by 34?
33
What is the remainder when 87013 is divided by 38?
31
What is the remainder when 132202 is divided by 66095?
12
Calculate the remainder when 17531 is divided by 1451.
119
Calculate the remainder when 5277 is divided by 5038.
239
Calculate the remainder when 3493 is divided by 1740.
13
Calculate the remainder when 74926 is divided by 290.
106
Calculate the remainder when 47972 is divided by 5329.
11
Calculate the remainder when 6673 is divided by 14.
9
What is the remainder when 91 is divided by 52?
39
Calculate the remainder when 19249 is divided by 93.
91
Calculate the remainder when 10263 is divided by 155.
33
Calculate the remainder when 17472 is divided by 168.
0
What is the remainder when 7579 is divided by 690?
679
Calculate the remainder when 7353 is divided by 155.
68
Calculate the remainder when 912075 is divided by 409.
5
Calculate the remainder when 21578 is divided by 29.
2
What is the remainder when 73527 is divided by 127?
121
What is the remainder when 707649 is divided by 22?
19
What is the remainder when 51953 is divided by 10378?
63
Calculate the remainder when 127843 is divided by 192.
163
Calculate the remainder when 494156 is divided by 47.
45
What is the remainder when 5079 is divided by 190?
139
Calculate the remainder when 16455 is divided by 645.
330
What is the remainder when 18316 is divided by 85?
41
Calculate the remainder when 116713 is divided by 1945.
13
Calculate the remainder when 5479 is divided by 547.
9
What is the remainder when 895 is divided by 48?
31
Calculate the remainder when 9019 is divided by 303.
232
Calculate the remainder when 5102 is divided by 629.
70
What is the remainder when 4541 is divided by 1831?
879
Calculate the remainder when 4189 is divided by 149.
17
What is the remainder when 293545 is divided by 69?
19
What is the remainder when 2491 is divided by 828?
7
What is the remainder when 953850 is divided by 288?
282
Calculate the remainder when 12923 is divided by 2584.
3
What is the remainder when 1037761 is divided by 67?
65
Calculate the remainder when 259 is divided by 71.
46
What is the remainder when 2577 is divided by 254?
37
What is the remainder when 59492 is divided by 29687?
118
Calculate the remainder when 29694 is divided by 36.
30
What is the remainder when 2228 is divided by 44?
28
What is the remainder when 22392 is divided by 4406?
362
What is the remainder when 5515939 is divided by 881?
879
Calculate the remainder when 184120 is divided by 476.
384
What is the remainder when 740845 is divided by 53?
11
What is the remainder when 3591 is divided by 120?
111
Calculate the remainder when 550600 is divided by 716.
712
What is the remainder when 24526 is divided by 597?
49
Calculate the remainder when 203777 is divided by 17.
15
Calculate the remainder when 171504 is divided by 54.
0
What is the remainder when 116020 is divided by 157?
154
What is the remainder when 76336 is divided by 55?
51
Calculate the remainder when 3974 is divided by 27.
5
What is the remainder when 11089 is divided by 45?
19
What is the remainder when 46193 is divided by 46?
9
What is the remainder when 11749 is divided by 10719?
1030
What is the remainder when 60102 is divided by 1277?
83
Calculate the remainder when 30022 is divided by 41.
10
What is the remainder when 52620 is divided by 31?
13
What is the remainder when 107331 is divided by 13416?
3
Calculate the remainder when 31144 is divided by 3114.
4
What is the remainder when 19487 is divided by 205?
12
Calculate the remainder when 492 is divided by 173.
146
What is the remainder when 18504 is divided by 204?
144
What is the remainder when 20557 is divided by 21?
19
What is the remainder when 23184 is divided by 83?
27
What is the remainder when 1683 is divided by 94?
85
Calculate the remainder when 102549 is divided by 265.
259
Calculate the remainder when 1509 is divided by 463.
120
Calculate the remainder when 1400 is divided by 314.
144
What is the remainder when 23512 is divided by 21?
13
Calculate the remainder when 25003 is divided by 3124.
11
What is the remainder when 99324 is divided by 12415?
4
What is the remainder when 2746915 is divided by 139?
136
What is the remainder when 397758 is divided by 88?
86
What is the remainder when 8955 is divided by 471?
6
Calculate the remainder when 5414 is divided by 192.
38
Calculate the remainder when 12126 is divided by 2923.
434
What is the remainder when 16635 is divided by 90?
75
What is the remainder when 3065912 is divided by 52?
44
What is the remainder when 551541 is divided by 1176?
1173
What is the remainder when 70737 is divided by 23579?
0
What is the remainder when 32990 is divided by 1319?
15
Calculate the remainder when 10636 is divided by 894.
802
Calculate the remainder when 6000 is divided by 5800.
200
Calculate the remainder when 111721 is divided by 43.
7
What is the remainder when 26173 is divided by 26127?
46
Calculate the remainder when 104659 is divided by 14.
9
Calculate the remainder when 402974 is divided by 1612.
1586
What is the remainder when 14032 is divided by 388?
64
What is the remainder when 107826 is divided by 1457?
8
Calculate the remainder when 25102 is divided by 6275.
2
Calculate the remainder when 12214 is divided by 1741.
27
What is the remainder when 4044 is divided by 101?
4
What is the remainder when 13875 is divided by 7?
1
Calculate the remainder when 522168 is divided by 17.
13
Calculate the remainder when 7973 is divided by 50.
23
Calculate the remainder when 8361208 is divided by 17.
13
What is the remainder when 3874 is divided by 88?
2
What is the remainder when 104953 is divided by 15?
13
What is the remainder when 3834 is divided by 253?
39
What is the remainder when 10470 is divided by 10151?
319
What is the remainder when 32897 is divided by 3288?
17
What is the remainder when 132170 is divided by 692?
690
Calculate the remainder when 1059101 is divided by 176513.
23
Calculate the remainder when 276 is divided by 119.
38
Calculate the remainder when 7518 is divided by 751.
8
What is the remainder when 274377 is divided by 13?
12
What is the remainder when 77293 is divided by 1785?
538
Calculate the remainder when 397142 is divided by 44.
42
Calculate the remainder when 74023 is divided by 14.
5
What is the remainder when 22679 is divided by 5659?
43
What is the remainder 